ate l(16).
-8
Let j(w) = -w**3 + 689*w**2 + 85172*w + 10. Determine j(-107).
10
Let k(m) = -1572627*m + 20444150. What is k(13)?
-1
Let l(q) = -q**3 + 115*q**2 - 1892*q - 746. What is l(95)?
14
Let v(o) = -o**2 + 224*o - 10855. Determine v(71).
8
Let b(a) = 2*a**3 - 319*a**2 + 1105*a - 2032. Determine b(156).
-4
Let u(w) = 728843*w - 13119167. Calculate u(18).
7
Let l(c) = -968*c**2 + 2905*c + 1. Calculate l(3).
4
Let o(z) = z**3 + 29*z**2 + 17*z - 55. Determine o(-29).
-548
Let k(u) = u**3 + 27*u**2 - 340*u - 344. What is k(-36)?
232
Let g(c) = -c**3 + 30*c**2 - 25*c - 111. Calculate g(29).
5
Let p(q) = 68*q**3 - 2107*q**2 - 11*q - 643. Calculate p(31).
-23
Let z(b) = 3340*b + 133951. Give z(-40).
351
Let f(u) = -u**3 + 90*u**2 - 956*u + 934. Calculate f(11).
-23
Let m(v) = 4*v**2 + 58*v - 715. Determine m(-20).
-275
Let k(h) = -1709*h - 37340. Calculate k(-22).
258
Let s(p) = p**2 - 252893*p - 505799. What is s(-2)?
-9
Let y(m) = 6*m**2 - 57*m - 62. Determine y(11).
37
Let q(n) = 9*n**2 - 326*n - 51. Calculate q(38).
557
Let f(p) = 1028*p**2 + 6560*p + 2357. Calculate f(-6).
5
Let h(p) = -2*p**2 - 441*p - 22542. Give h(-84).
390
Let l(d) = 2*d**3 - 177*d**2 - 95*d + 379. Calculate l(89).
-155
Let t(w) = w**2 + 168*w - 16012. Determine t(68).
36
Let t(x) = -x**3 - x**2 + 59*x + 17. What is t(-9)?
134
Let o(t) = -13*t**2 + 277*t + 13. Determine o(16).
1117
Let c(p) = 2*p**3 - p**2 - 1794*p - 9. What is c(0)?
-9
Let f(o) = -26251*o + 367503. Determine f(14).
-11
Let v(u) = 3*u**3 + 272*u**2 - 464*u - 8819. Determine v(-92).
13
Let r(h) = -20*h**2 + 655*h - 3926. Give r(6).
-716
Let h(q) = 203*q**2 - 602*q + 12. Determine h(4).
852
Let i(v) = -15*v**3 - 68*v**2 - 66*v + 3. Give i(-2).
-17
Let y(t) = -474*t**2 + 1453*t - 103. Determine y(3).
-10
Let f(q) = 3585*q + 236609. Give f(-66).
-1
Let t(w) = -2*w**3 - 72*w**2 + 611*w + 86. Give t(-43).
-301
Let b(x) = x**3 - 42*x**2 - 5026*x - 945. What is b(95)?
-90
Let g(i) = -30*i**2 - 1171*i - 139. Calculate g(-39).
-100
Let m(t) = -7*t**2 - 163*t + 5431. Determine m(19).
-193
Let w(d) = 6*d**3 - 501*d**2 - 103*d - 12503. What is w(84)?
13
Let o(d) = -10*d**2 + 4040*d - 8033. What is o(2)?
7
Let m(h) = 5*h**3 + 256*h**2 + 65*h - 219. Calculate m(-51).
-933
Let u(w) = 280035*w - 34164289. Calculate u(122).
-19
Let m(x) = x**2 - 988*x - 263037. Determine m(-218).
-129
Let o(t) = -2*t**3 + 160*t**2 - 610*t + 144. Determine o(76).
-8
Let h(u) = 3*u**3 + 36*u**2 - 14*u - 321. What is h(-13)?
-646
Let r(b) = 30392*b - 273266. What is r(9)?
262
Let a(j) = -50*j**2 - 14502*j - 15024. Give a(-289).
4
Let c(w) = -68*w**2 - 8331*w - 4603. Give c(-122).
-333
Let w(r) = -2*r**2 - 731*r + 847836. Determine w(-859).
3
Let o(q) = -204*q - 25361. Give o(-130).
1159
Let r(i) = 45*i**3 + 7*i**2 - 59*i - 94. What is r(-2)?
-308
Let s(k) = -3*k**3 + 74*k**2 + 135*k - 785. What is s(26)?
21
Let w(k) = -808*k - 104421. Calculate w(-130).
619
Let w(c) = 2*c**2 + 238*c - 3673. Give w(14).
51
Let q(l) = -l**3 - 30*l**2 - 39*l - 2218. Calculate q(-31).
-48
Let p(s) = -140*s - 9151. Give p(-42).
-3271
Let o(v) = -6*v**2 + 599095*v + 1198203. Give o(-2).
-11
Let z(p) = -2232*p**2 + 15656*p - 9. Calculate z(7).
215
Let s(x) = -10*x**2 + 5859*x - 569058. What is s(463)?
-31
Let c(h) = -10*h**3 + 384*h**2 + 241*h - 274. Give c(39).
-1
Let z(v) = v**3 - 148*v**2 - 429*v + 41717. Give z(149).
-3
Let c(i) = -3*i**3 + 143*i**2 + 134*i - 4107. Give c(48).
21
Let m(t) = -24*t**2 - 2842*t + 4539. Determine m(-120).
-21
Let g(f) = f**2 - 126879*f + 1141848. Calculate g(9).
18
Let a(o) = -2*o**3 - 598*o**2 + o + 120. What is a(-299)?
-179
Let v(b) = b**3 + 9*b**2 + 292*b - 2202. Determine v(8).
1222
Let h(y) = -3*y**3 - 926*y**2 - 10397*y - 533. Calculate h(-297).
61
Let y(w) = 118547*w + 1896758. Determine y(-16).
6
Let h(r) = 5*r**2 - 259*r + 659. What is h(47)?
-469
Let d(v) = -524675*v - 1049350. Calculate d(-2).
0
Let q(d) = -2*d**3 - 14*d**2 + 1513*d + 10587. Determine q(-7).
-4
Let l(n) = -2*n**3 - 20*n**2 - 1729*n - 22355. Calculate l(-13).
1136
Let a(v) = -62*v - 17489. What is a(-282)?
-5
Let s(t) = 3*t**3 + 26*t**2 + 75*t - 88. What is s(-9)?
-844
Let v(x) = 4*x**2 + 977*x - 377. Give v(-245).
358
Let a(g) = 13*g**3 + 1392*g**2 + 134*g + 2770. Calculate a(-107).
-119
Let m(j) = 5*j**2 + 328*j - 7846. Calculate m(22).
1790
Let k(r) = -r**3 - 13*r**2 - 17*r + 10. Give k(-14).
444
Let c(b) = 3*b**3 + 7*b**2 + 9*b - 8. Give c(-6).
-458
Let r(d) = -d**2 + 319*d + 124035. Give r(-227).
93
Let q(n) = -2*n**2 + 658*n + 11051. Give q(-16).
11
Let j(v) = -57*v**3 + 22*v**2 + 28*v + 1. Give j(-1).
52
Let i(r) = -r**3 - 196*r**2 - 1324*r - 1093. Calculate i(-189).
-904
Let j(p) = 26767*p + 6424082. Determine j(-240).
2
Let f(j) = j**2 - 543*j - 535470. Give f(-509).
-2
Let a(w) = -w**2 - 2242*w - 24649. Give a(-11).
-108
Let w(k) = -10965*k + 10804. Give w(1).
-161
Let u(g) = 21*g**2 - 144*g - 56. Give u(8).
136
Let g(t) = -2*t**3 - 207*t**2 + 338*t + 2214. What is g(-105)?
-201
Let j(m) = -148*m - 11433. What is j(-75)?
-333
Let p(q) = -1171*q**2 + 4690*q + 3. Determine p(4).
27
Let k(j) = -6*j**3 - 93*j**2 - 11*j - 949. What is k(-16)?
-5
Let d(n) = 1508*n - 41612. Give d(28).
612
Let w(g) = g**3 - 6*g**2 + 55*g - 353. Give w(9).
385
Let x(s) = s**3 + 78*s**2 + 147*s - 403. Calculate x(-76).
-23
Let b(h) = -h**3 + 5*h**2 - 429*h + 2560. What is b(6)?
-50
Let l(c) = -5*c**2 - 178*c - 1402. What is l(-9)?
-205
Let x(p) = -1002*p + 57265. Calculate x(50).
7165
Let r(j) = 29*j**2 - 253*j + 636. Determine r(12).
1776
Let u(n) = -234*n**2 - 60*n + 65. Determine u(1).
-229
Let i(p) = 3*p**3 + 19*p**2 + 1173*p + 11207. What is i(-9)?
2
Let y(i) = -2394*i - 167582. Calculate y(-70).
-2
Let t(z) = z**3 - 16*z**2 + 184094*z - 3129892. What is t(17)?
-5
Let f(v) = -2*v**2 + 400*v + 20360. Determine f(241).
598
Let z(r) = 81860*r - 573027. What is z(7)?
-7
Let g(p) = 1197*p - 57070. Determine g(48).
386
Let h(o) = 2056*o + 887842. Determine h(-432).
-350
Let t(r) = -4*r**3 + 19*r**2 + 301*r + 6. Calculate t(0).
6
Let q(w) = -5556*w**2 + 88904*w - 127. Give q(16).
1
Let c(d) = 349*d - 10517. Calculate c(29).
-396
Let m(g) = -7*g**3 + 264*g**2 - 152*g - 1175. Determine m(37).
46
Let y(k) = 2*k**3 + 247*k**2 + 304*k + 22340. What is y(-123)?
77
Let p(t) = 96*t**2 - 2653*t + 92. Give p(28).
1072
Let i(k) = -1125*k + 20047. Determine i(18).
-203
Let j(i) = -9*i**3 + 655*i**2 - 7018*i + 311. Determine j(13).
-1
Let x(w) = -4*w**2 - 40*w + 153. Give x(-4).
249
Let y(o) = -2752*o**2 + 10870*o + 384. What is y(4)?
-168
Let b(g) = -15420*g - 31703524. Calculate b(-2056).
-4
Let k(o) = -10*o**3 + 88*o**2 + 176*o + 114. Determine k(11).
-612
Let o(w) = 41*w**2 + 3347*w - 22985. Give o(-88).
-17
Let g(d) = -3*d**2 - 995*d + 5863. What is g(-337)?
471
Let x(l) = 103815*l + 3944945. Determine x(-38).
-25
Let t(n) = -13344*n + 200127. What is t(15)?
-33
Let y(g) = 15*g**3 + 1054*g**2 + 1371*g + 4141. Calculate y(-69).
1
Let h(d) = -153484*d - 153534. Calculate h(-1).
-50
Let i(b) = -75*b**2 + 10337*b + 1452. Determine i(138).
-342
Let r(l) = l**3 + 4*l**2 - 2*l - 36. What is r(4)?
84
Let v(m) = -m**3 - 32*m**2 + 17453*m + 158938. Determine v(-9).
-2
Let i(y) = 522*y - 36720. What is i(76)?
2952
Let o(j) = -29*j**3 - 422*j**2 + 186*j - 131. What is o(-15)?
4
Let m(o) = 270*o**2 - 20795*o + 378. Determine m(77).
-7
Let k(h) = 18759*h - 14556988. What is k(776)?
-4
Let s(h) = 5*h**2 - 475*h - 4123. Give s(103).
-3
Let y(v) = 28*v**3 + 108*v**2 - 295*v + 150. Give y(2).
216
Let n(x) = 575*x**2 + 32190*x - 50. Determine n(-56).
510
Let m(l) = 17533*l - 70115. Give m(4).
17
Let o(k) = -7015*k - 953985. Give o(-136).
55
Let y(b) = -2972*b - 1090636. Calculate y(-367).
88
Let c(f) = 58*f**2 + 720*f + 1836. Give c(-3).
198
Let k(t) = 2*t**2 - 17*t + 45. Determine k(2).
19
Let y(s) = -12*s**3 + 2735*s**2 + 237*s - 2202. Calculate y(228).
-150
Let n(t) = -4*t**2 - 848*t - 4944. Calculate n(-206).
0
Let a(w) = -1221*w - 40514. Give a(-33).
-221
Let s(r) = -r**3 - 71*r**2 + 233*r + 1019. Calculate s(-74).
205
Let x(v) = -744405*v + 8932833. Give x(12).
-27
Let l(n) = -9*n**2 + 9704*n - 29089. What is l(3)?
-58
Let r(b) = -2*b**2 - 9003*b - 71888. What is r(-8)?
8
Let n(c) = 14